 by 423.
419
What is the remainder when 75421 is divided by 1423?
2
Calculate the remainder when 545614 is divided by 62.
14
Calculate the remainder when 53589771 is divided by 42.
39
Calculate the remainder when 785945717 is divided by 395.
392
Calculate the remainder when 13401175 is divided by 1675142.
39
Calculate the remainder when 1865985 is divided by 288.
33
Calculate the remainder when 3266703 is divided by 2172.
15
What is the remainder when 153280 is divided by 56?
8
Calculate the remainder when 5571128 is divided by 58.
54
Calculate the remainder when 2847196 is divided by 755.
91
Calculate the remainder when 205466 is divided by 34232.
74
What is the remainder when 106501 is divided by 100?
1
Calculate the remainder when 14126 is divided by 6073.
1980
What is the remainder when 1419241 is divided by 3858?
3355
Calculate the remainder when 312340 is divided by 22302.
112
Calculate the remainder when 55172633 is divided by 33.
32
What is the remainder when 945050 is divided by 597?
596
What is the remainder when 425049 is divided by 214?
45
What is the remainder when 1005129901 is divided by 13?
9
Calculate the remainder when 6124 is divided by 1462.
276
Calculate the remainder when 32888527 is divided by 69827.
10
What is the remainder when 2469119 is divided by 1234521?
77
Calculate the remainder when 398542 is divided by 1129.
5
Calculate the remainder when 143851 is divided by 2024.
147
What is the remainder when 2763440 is divided by 14700?
14540
What is the remainder when 57990833 is divided by 218?
217
Calculate the remainder when 4117356 is divided by 6127.
12
Calculate the remainder when 16060452 is divided by 256.
36
What is the remainder when 76837505 is divided by 76837490?
15
What is the remainder when 420175 is divided by 888?
151
Calculate the remainder when 6759542 is divided by 787.
786
Calculate the remainder when 1802751 is divided by 854.
811
What is the remainder when 4047491 is divided by 637?
630
Calculate the remainder when 121289 is divided by 121231.
58
What is the remainder when 11090928 is divided by 924243?
12
What is the remainder when 744343 is divided by 3679?
1185
Calculate the remainder when 1037507 is divided by 18.
5
Calculate the remainder when 1162306076 is divided by 547.
545
What is the remainder when 4947966 is divided by 16?
14
What is the remainder when 6092054 is divided by 22?
12
Calculate the remainder when 590998 is divided by 4921.
478
Calculate the remainder when 3412663 is divided by 34126.
63
Calculate the remainder when 1415830 is divided by 1566.
166
Calculate the remainder when 12205725 is divided by 1533.
1512
What is the remainder when 469871 is divided by 12357?
305
Calculate the remainder when 4817098 is divided by 437918.
0
Calculate the remainder when 2078843 is divided by 57.
53
What is the remainder when 332565 is divided by 53?
43
Calculate the remainder when 12750366 is divided by 1252.
1250
What is the remainder when 2146153 is divided by 715374?
31
Calculate the remainder when 11003574 is divided by 550175.
74
What is the remainder when 290673556 is divided by 7379?
7367
What is the remainder when 1038281 is divided by 1038257?
24
What is the remainder when 2117227 is divided by 529280?
107
Calculate the remainder when 1258714 is divided by 419527.
133
What is the remainder when 149464 is divided by 24?
16
Calculate the remainder when 3024608 is divided by 3387.
17
What is the remainder when 2716825 is divided by 32?
25
Calculate the remainder when 2873635 is divided by 65.
50
What is the remainder when 19017063 is divided by 54?
45
Calculate the remainder when 20294 is divided by 767.
352
Calculate the remainder when 493393 is divided by 905.
168
What is the remainder when 25850 is divided by 678?
86
Calculate the remainder when 11758597 is divided by 166.
153
What is the remainder when 71702 is divided by 2968?
470
Calculate the remainder when 1340860 is divided by 19432.
52
Calculate the remainder when 190755217 is divided by 11922200.
17
What is the remainder when 2538318 is divided by 30955?
8
What is the remainder when 4542330 is divided by 971?
963
Calculate the remainder when 30669145 is divided by 2555756.
73
Calculate the remainder when 132641997 is divided by 19.
14
What is the remainder when 3179902 is divided by 50?
2
What is the remainder when 173727 is divided by 173635?
92
Calculate the remainder when 1428051 is divided by 121.
9
What is the remainder when 290572 is divided by 290446?
126
Calculate the remainder when 3363879 is divided by 240277.
1
What is the remainder when 44721 is divided by 44659?
62
Calculate the remainder when 3922946 is divided by 7647.
35
Calculate the remainder when 57573 is divided by 56745.
828
What is the remainder when 2841057 is divided by 1108?
145
Calculate the remainder when 944008 is divided by 741.
715
Calculate the remainder when 613562 is divided by 2425.
37
Calculate the remainder when 1891094 is divided by 1276.
62
Calculate the remainder when 46840424 is divided by 91.
85
Calculate the remainder when 2626569 is divided by 262651.
59
What is the remainder when 562531 is divided by 62349?
1390
Calculate the remainder when 1595549 is divided by 224.
221
What is the remainder when 4913586 is divided by 1056?
18
Calculate the remainder when 773030 is divided by 166.
134
Calculate the remainder when 2552447 is divided by 2348.
171
Calculate the remainder when 55684960 is divided by 1444.
1432
What is the remainder when 4295070 is divided by 13995?
12600
What is the remainder when 256863 is divided by 128420?
23
What is the remainder when 17560 is divided by 7954?
1652
Calculate the remainder when 26635963 is divided by 8878610.
133
What is the remainder when 1400997 is divided by 47?
21
What is the remainder when 155259465 is divided by 1361925?
15
What is the remainder when 90352 is divided by 2491?
676
What is the remainder when 671419 is divided by 39489?
106
Calculate the remainder when 3383548 is divided by 14.
0
Calculate the remainder when 269473309 is divided by 95153.
13
Calculate the remainder when 6056203 is divided by 371.
370
What is the remainder when 4096414 is divided by 2138?
6
Calculate the remainder when 10816705 is divided by 10816652.
53
Calculate the remainder when 1369662 is divided by 136964.
22
What is the remainder when 263793 is divided by 52667?
458
What is the remainder when 39447627 is divided by 177692?
3
What is the remainder when 244279 is divided by 18781?
126
Calculate the remainder when 40307902 is divided by 72.
70
Calculate the remainder when 17700531 is divided by 55.
46
Calculate the remainder when 97074 is divided by 429.
120
Calculate the remainder when 2646909 is divided by 893.
57
What is the remainder when 3103396 is divided by 387923?
12
What is the remainder when 1367887 is divided by 5181?
103
What is the remainder when 6662307 is divided by 76?
71
Calculate the remainder when 210134 is divided by 3179.
320
Calculate the remainder when 405805789 is divided by 4816.
4813
Calculate the remainder when 2977379 is divided by 14.
13
What is the remainder when 16964436 is divided by 39?
21
Calculate the remainder when 352377 is divided by 174813.
2751
What is the remainder when 52840533 is divided by 400307?
9
What is the remainder when 5965787 is divided by 4815?
2
Calculate the remainder when 229247 is divided by 365.
27
Calculate the remainder when 20423511 is divided by 119.
17
What is the remainder when 25479694 is divided by 6589?
31
What is the remainder when 393619 is divided by 30?
19
Calculate the remainder when 635700 is divided by 2097.
309
Calculate the remainder when 313746 is divided by 1032.
18
What is the remainder when 2499889 is divided by 416607?
247
Calculate the remainder when 39171 is divided by 7830.
21
What is the remainder when 19367 is divided by 18737?
630
What is the remainder when 156557 is divided by 5290?
3147
What is the remainder when 168430199 is divided by 50?
49
What is the remainder when 4904034 is divided by 281?
22
Calculate the remainder when 1052698 is divided by 27.
22
Calculate the remainder when 1660845 is divided by 1126.
1121
What is the remainder when 184640 is divided by 1555?
1150
What is the remainder when 1775872 is divid